
19
Let j(t) = t**2 - 10*t + 15. Determine j(4).
-9
Let q(i) = 2*i**2 + 33*i + 120. What is q(-9)?
-15
Let n(z) = 3*z**2 + 2*z - 5. What is n(-2)?
3
Let y(q) = -14*q**2 + 2*q - 2. Give y(1).
-14
Let h(q) = 35*q - 350. Determine h(10).
0
Let z(m) = -m**2 - 2*m. Calculate z(3).
-15
Let k(d) = -2*d**3 + 21*d**2 + 12*d - 15. Calculate k(11).
-4
Let b(q) = 4*q**3 + q + 2. Give b(-1).
-3
Let j(o) = -o**3 - 14*o**2 - 6*o + 34. Calculate j(-13).
-57
Let n(h) = h**3 + 16*h**2 - 10. Give n(-16).
-10
Let w(h) = -h**2 + 5*h - 1. Determine w(4).
3
Let o(c) = c**3 - 15*c**2 - 54*c - 8. Determine o(18).
-8
Let u(i) = i**3 + 2*i**2 - 5*i - 5. Give u(-1).
1
Let m(y) = y**2 - 10*y - 11. Give m(8).
-27
Let k(f) = -f**3 - 12*f**2 - f - 9. Calculate k(-12).
3
Let d(u) = u**3 + 26*u**2 + 23*u - 3. Calculate d(-25).
47
Let b(h) = h**3 - 9*h + 11. What is b(2)?
1
Let a(k) = -2*k + 11. What is a(5)?
1
Let o(j) = j**3 - 6*j**2 + 13*j - 37. Give o(5).
3
Let g(p) = 7*p + 341. What is g(-48)?
5
Let g(m) = -9*m - 41. Give g(17).
-194
Let x(s) = 20*s + 385. Determine x(-19).
5
Let q(d) = -2*d**3 - 65*d**2 - 31*d + 45. Calculate q(-32).
13
Let u(d) = -9*d - 53. Calculate u(-5).
-8
Let v(k) = k**2 - 17*k - 5. Give v(14).
-47
Let q(k) = -3*k + 52. Determine q(16).
4
Let n(h) = 3*h - 19. Give n(0).
-19
Let l(d) = 23*d + 6. What is l(0)?
6
Let h(y) = 3*y - 11. Give h(13).
28
Let m(f) = 3*f**2 - 9. Calculate m(-3).
18
Let y(h) = -h**3 - 4*h**2 - 7*h - 35. Give y(-4).
-7
Let q(y) = 29*y + 199. Give q(-7).
-4
Let n(z) = -5*z + 9. Determine n(4).
-11
Let f(a) = 8*a**3 - 2*a**2 + 4*a - 2. Determine f(2).
62
Let n(d) = -d**3 + 46*d**2 + d - 39. What is n(46)?
7
Let w(y) = 2*y - 5. What is w(12)?
19
Let r(l) = -l**2 - 12*l + 34. Determine r(-14).
6
Let b(x) = -x + 2. Calculate b(0).
2
Let c(l) = -5*l**2 + 64*l + 88. Determine c(14).
4
Let q(g) = -g**3 + 17*g**2 - 15*g - 6. Give q(16).
10
Let o(x) = -x**2 + 59*x - 359. Give o(7).
5
Let w(b) = -b**3 + 3*b**2 + 20*b - 79. Determine w(5).
-29
Let h(p) = p**3 - 14*p**2 + p - 21. Calculate h(14).
-7
Let i(b) = 38*b. Give i(1).
38
Let b(f) = -2*f + 9. Calculate b(3).
3
Let h(a) = a**3 - 10*a**2 + 14*a - 33. What is h(9)?
12
Let w(m) = -m**3 + m**2 - 4*m + 3. Determine w(2).
-9
Let g(j) = -37*j + 156. Determine g(4).
8
Let q(f) = f**2 + 10*f - 9. Determine q(-10).
-9
Let f(a) = 18*a + 148. What is f(-8)?
4
Let u(j) = 2*j**2 - 27*j + 2. Give u(13).
-11
Let z(m) = 5*m - 100. What is z(15)?
-25
Let t(p) = p**2 + 195*p + 575. What is t(-3)?
-1
Let r(i) = -i**3 - 7*i**2 + 2*i + 8. Calculate r(-7).
-6
Let x(q) = q**2 + 2*q - 10. What is x(-5)?
5
Let i(g) = -g + 33. What is i(22)?
11
Let j(f) = -f**2 - f + 6. What is j(-4)?
-6
Let s(l) = -3*l**3 - 2*l**2 + 4. Give s(2).
-28
Let s(f) = f**2 + 6*f + 4. Calculate s(-5).
-1
Let g(r) = -95*r + 474. Calculate g(5).
-1
Let l(i) = i**3 - 5*i**2 + 5*i - 5. Determine l(4).
-1
Let s(d) = 7*d - 43. Calculate s(7).
6
Let p(n) = -2*n - 1. Determine p(9).
-19
Let n(f) = 128*f + 1796. Give n(-14).
4
Let a(u) = -4*u**2 - 3*u + 1. Calculate a(2).
-21
Let w(k) = -k**3 - 4*k**2 - 6*k - 6. Determine w(-6).
102
Let g(u) = 7*u + 7. Calculate g(-6).
-35
Let k(y) = -2*y**2 - 16*y - 34. Give k(-5).
-4
Let r(z) = -z + 27. Calculate r(-8).
35
Let h(w) = -w**3 + 7*w**2 - 2*w - 13. Determine h(6).
11
Let y(d) = d**3 + 6*d**2 + 13*d + 28. Give y(-6).
-50
Let m(x) = 19*x - 207. What is m(11)?
2
Let b(m) = m**2 + 11*m + 13. Calculate b(-6).
-17
Let v(y) = -7*y**2 + 12*y + 36. What is v(-3)?
-63
Let w(l) = l**3 - 12*l**2 + 7*l + 46. What is w(11)?
2
Let a(x) = -5*x + 10. Give a(0).
10
Let o(f) = f**2 - 3*f - 13. Give o(6).
5
Let p(a) = a**2 - 2*a - 11. Give p(0).
-11
Let h(j) = -10*j + 3. What is h(2)?
-17
Let i(z) = -45*z**2 + 3*z + 2. Give i(-1).
-46
Let r(x) = -4*x**2 - 5*x + 18. Determine r(-5).
-57
Let u(j) = j**3 - 23*j**2 + 41*j + 15. Give u(21).
-6
Let d(k) = -k**2 - 5*k + 54. Give d(6).
-12
Let q(x) = -3*x - 11. Determine q(2).
-17
Let m(g) = -2*g**2 + 4*g - 3. Give m(7).
-73
Let g(r) = -r**2 + 14*r + 19. Give g(15).
4
Let h(w) = -w**2 - 9*w - 5. Determine h(-4).
15
Let o(b) = -b**3 + 7*b**2 - 9*b - 4. Give o(3).
5
Let q(h) = h**3 + 10*h**2 + 10*h + 5. Calculate q(-9).
-4
Let c(t) = -23*t - 254. Give c(-11).
-1
Let t(j) = -13*j**2 + 2*j. Determine t(-2).
-56
Let b(l) = 3*l**3 + 3*l**2 - 4*l. What is b(-3)?
-42
Let l(c) = c**3 + 2*c**2 + c. Give l(-2).
-2
Let j(k) = -37*k + 3. Calculate j(2).
-71
Let f(d) = -d**2 + 14*d + 6. Calculate f(11).
39
Let j(p) = -12*p + 9. Calculate j(1).
-3
Let z(u) = u**2 + 8*u - 47. Determine z(3).
-14
Let w(m) = -m**3 + 9*m**2 + 12*m - 16. What is w(10)?
4
Let w(j) = -j**3 - 10*j**2 - 17*j - 15. Give w(-8).
-7
Let z(p) = -p**2 - 10*p + 15. Determine z(-11).
4
Let a(j) = -j - 7. Determine a(6).
-13
Let f(w) = w - 8. Calculate f(8).
0
Let w(s) = s + 5. What is w(15)?
20
Let z(t) = t - 14. Give z(11).
-3
Let g(l) = -l**3 + 3*l**2 + l + 11. Determine g(4).
-1
Let z(x) = -x**3 + 7*x**2 - 4*x - 2. Give z(6).
10
Let l(j) = -58*j - 1. Calculate l(-2).
115
Let i(x) = -5*x + 30. Calculate i(10).
-20
Let p(n) = -3*n**2 + 18*n + 16. Give p(-1).
-5
Let k(y) = 3*y - 18. What is k(-16)?
-66
Let x(n) = 3*n + 2. What is x(-3)?
-7
Let m(b) = -b**2 - 2*b + 11. Determine m(-4).
3
Let v(h) = -h + 40. Give v(-14).
54
Let u(q) = -q**3 + 23*q**2 + 24*q - 12. Determine u(24).
-12
Let u(p) = p**2 + 5*p + 2. Calculate u(-4).
-2
Let t(z) = 2*z**3 - 6*z**2 + 6*z - 6. What is t(4)?
50
Let w(t) = -t**2 - 2*t - 1. Give w(-2).
-1
Let i(j) = j**3 - 2*j**2 + 7*j - 5. Calculate i(2).
9
Let f(n) = 81*n - 27. Give f(-1).
-108
Let t(k) = -k**3 + 6*k**2 + 16*k - 18. Calculate t(8).
-18
Let r(j) = -2*j**2 + 11*j + 3. What is r(7)?
-18
Let d(r) = 4*r + 104. Calculate d(-23).
12
Let g(v) = 3*v**2 + 208*v + 67. What is g(-69)?
-2
Let m(u) = -150*u + 1342. Give m(9).
-8
Let q(o) = -o**2 + 3*o + 25. What is q(7)?
-3
Let d(z) = 2*z**2 + 18*z - 7. Determine d(-9).
-7
Let u(a) = -a**3 + 11*a**2 + 11*a - 23. Give u(12).
-35
Let w(g) = g**2 - 10*g - 49. What is w(14)?
7
Let u(d) = d - 4. Give u(7).
3
Let k(g) = 67*g - 1613. Give k(24).
-5
Let l(b) = b**2 - 3*b - 1. Calculate l(0).
-1
Let u(q) = -2*q**2 + 5*q + 4. What is u(-2)?
-14
Let w(j) = j**3 + 5*j**2 - 4*j + 3. What is w(-6)?
-9
Let f(o) = -36*o - 28. Calculate f(-1).
8
Let j(f) = 37*f - 586. Calculate j(16).
6
Let i(k) = -k**3 + 7*k**2 - 7*k + 5. What is i(6)?
-1
Let f(x) = -5*x - 1. What is f(2)?
-11
Let c(i) = 2*i**2 + 26*i + 76. What is c(-4)?
4
Let q(f) = 5*f**2 - 15*f - 136. Calculate q(-4).
4
Let l(r) = 6*r + 1. What is l(7)?
43
Let j(h) = -h**2 - 38*h - 282. What is j(-28)?
-2
Let l(w) = w**3 - 10*w**2 + 12*w - 9. Give l(9).
18
Let i(z) = z**2 + 14*z + 22. Calculate i(-11).
-11
Let z(f) = 3*f - 15. Determine z(14).
27
Let q(b) = 11*b - 4. Give q(2).
18
Let a(w) = -w**2 - 20*w + 308. Calculate a(-30).
8
Let w(f) = 13*f - 101. Determine w(8).
3
Let j(p) = -13*p + 2. What is j(-2)?
28
Let g(f) = f**3 + 12*f**2 - 48*f - 32. What is g(-15)?
13
Let g(r) = -9*r**2 - 109*r - 13. What is g(-12)?
-1
Let n(v) = v**3 - v**2 + 5*v - 3. Determine n(2).
11
Let h(y) = -y**2 + 13*y - 7. What is h(12)?
5
Let k(i) = -i**2 + 12*i - 7. What is k(10)?
13
Let d(n) = 13*n - 23. Determine d(-5).
-88
Let s(i) = -36*i + 506. Give s(14).
2
Let u(f) = -45*f + 178. What is u(4)?
-2
Let y(s) = -s**2 - 38. Calculate y(0).
-38
Let b(i) = i**3 - 7*i**2 + 11*i - 32. Give b(7).
45
Let c(r) = -2*r**2 + 36*r + 190. Give c(22).
14
Let g(z) = -z**3 - z**2 - 9*z - 87. Determine g(-4).
-3
Let x(y) = -y**3 - y**2 + 2*y + 4. Calculate x(3).
-26
Let m(p) = p**3 + 6*p**2 - 13*p - 7. Calculate m(-8).
-31
Let d(f) = f + 1. Calculate d(-4).
-3
Let v(x) = x**2 + 18*x - 156. Give v(-24).
-12
Let n(u) = 2*u**2 + 9*u - 20. What is n(-9)?
61
Let a(b) = b**2 + 11*b - 207. Determine a(-21).
3
Let h(w) = w**2 + 9*w - 2. Calculate h(-6).
-20
Let z(c) = -2*c**2 - 13*c - 31. What is z(-10)?
-101
Let y(c) = c**3 + 11*c**2 + 25*c + 2. Determine y(-8).
-6
Let o(z) = 2*z - 7. Calculate o(6).
5
Let y(o) = 26*o**2 + o - 1. What is y(1)?
26
Let g(m) = -m**3 - 5*m**2 + 14*m - 7. Give g(-7).
-7
Let f(u) = u**3 - u**2 - 2*u + 3. What is f(2)?
3
Let t(u) = u**3 + 16*u**2 - 36*u + 17. Determine t(-18).
17
Let c(i) = i**2 - 11*i - 29. Give c(12).
-